 digit of 179885040?
1
What is the millions digit of 1558036876?
8
What is the millions digit of 735585482?
5
What is the units digit of 70752994?
4
What is the tens digit of 225699955?
5
What is the hundred millions digit of 377682664?
3
What is the ten millions digit of 25165799?
2
What is the tens digit of 198096852?
5
What is the hundreds digit of 324303774?
7
What is the hundreds digit of 5977968752?
7
What is the hundreds digit of 445436085?
0
What is the ten thousands digit of 394078182?
7
What is the hundred thousands digit of 58616865?
6
What is the hundred thousands digit of 38772386?
7
What is the ten millions digit of 879067402?
7
What is the units digit of 53456206?
6
What is the ten thousands digit of 71837504?
3
What is the hundred thousands digit of 8777806?
7
What is the millions digit of 2379193847?
9
What is the thousands digit of 149628037?
8
What is the thousands digit of 1763474429?
4
What is the tens digit of 630757026?
2
What is the thousands digit of 6907625?
7
What is the hundreds digit of 9577705?
7
What is the units digit of 1328974963?
3
What is the ten millions digit of 135635537?
3
What is the ten thousands digit of 1146557841?
5
What is the ten thousands digit of 3582472194?
7
What is the ten millions digit of 18267444?
1
What is the units digit of 433189334?
4
What is the ten millions digit of 330545508?
3
What is the millions digit of 147900970?
7
What is the millions digit of 168423975?
8
What is the tens digit of 2991291151?
5
What is the ten thousands digit of 478414199?
1
What is the tens digit of 3918918?
1
What is the ten thousands digit of 101086827?
8
What is the hundreds digit of 472335513?
5
What is the hundreds digit of 4628727?
7
What is the hundreds digit of 5760552270?
2
What is the hundred thousands digit of 53661989?
6
What is the units digit of 20036337?
7
What is the ten millions digit of 422367241?
2
What is the units digit of 50506191?
1
What is the tens digit of 4938869544?
4
What is the thousands digit of 1921706541?
6
What is the hundreds digit of 285370586?
5
What is the ten thousands digit of 1335184729?
8
What is the ten thousands digit of 297377022?
7
What is the hundred thousands digit of 573706840?
7
What is the thousands digit of 7276012?
6
What is the thousands digit of 5327916868?
6
What is the ten thousands digit of 326817812?
1
What is the hundreds digit of 3865498711?
7
What is the ten thousands digit of 1150722255?
2
What is the hundred thousands digit of 20207768?
2
What is the ten thousands digit of 120615972?
1
What is the tens digit of 61226662?
6
What is the units digit of 21620416?
6
What is the units digit of 8679367?
7
What is the ten millions digit of 18381963?
1
What is the hundred thousands digit of 217896860?
8
What is the tens digit of 40732723?
2
What is the units digit of 679478779?
9
What is the hundreds digit of 103517681?
6
What is the billions digit of 1609774286?
1
What is the ten millions digit of 405481608?
0
What is the units digit of 1443727?
7
What is the units digit of 1174092910?
0
What is the hundred millions digit of 251927504?
2
What is the hundred millions digit of 1313611102?
3
What is the ten millions digit of 236134194?
3
What is the millions digit of 31319307?
1
What is the ten millions digit of 111073094?
1
What is the thousands digit of 3958166787?
6
What is the ten millions digit of 1987120963?
8
What is the billions digit of 8706708711?
8
What is the hundreds digit of 1875203951?
9
What is the ten millions digit of 438747597?
3
What is the hundreds digit of 2152228448?
4
What is the hundred thousands digit of 38837175?
8
What is the hundreds digit of 30709950?
9
What is the millions digit of 402996550?
2
What is the units digit of 1891600840?
0
What is the ten millions digit of 1070729554?
7
What is the units digit of 348844353?
3
What is the ten millions digit of 178341184?
7
What is the hundred millions digit of 1395926304?
3
What is the hundred thousands digit of 40311106?
3
What is the thousands digit of 5452254641?
4
What is the ten thousands digit of 48656167?
5
What is the hundred thousands digit of 96913952?
9
What is the ten thousands digit of 738151567?
5
What is the hundred thousands digit of 1065270543?
2
What is the units digit of 863876634?
4
What is the hundred thousands digit of 270413796?
4
What is the ten thousands digit of 102833476?
3
What is the hundreds digit of 55262223?
2
What is the ten millions digit of 71414494?
7
What is the ten thousands digit of 1237546780?
4
What is the hundreds digit of 323073709?
7
What is the ten millions digit of 97238766?
9
What is the units digit of 78541597?
7
What is the thousands digit of 80258979?
8
What is the thousands digit of 64981766?
1
What is the thousands digit of 3558613376?
3
What is the units digit of 43313596?
6
What is the units digit of 16612100?
0
What is the billions digit of 1790870917?
1
What is the thousands digit of 291604529?
4
What is the thousands digit of 351882696?
2
What is the hundreds digit of 366821465?
4
What is the thousands digit of 1609073862?
3
What is the thousands digit of 4772621327?
1
What is the ten thousands digit of 85853149?
5
What is the units digit of 115772067?
7
What is the millions digit of 116452499?
6
What is the ten millions digit of 95461759?
9
What is the ten thousands digit of 117247181?
4
What is the millions digit of 55775800?
5
What is the thousands digit of 5643608431?
8
What is the hundred millions digit of 817233975?
8
What is the hundred millions digit of 396480469?
3
What is the hundreds digit of 14275360?
3
What is the units digit of 140086684?
4
What is the ten thousands digit of 34675762?
7
What is the units digit of 45983775?
5
What is the billions digit of 1368968508?
1
What is the hundred thousands digit of 83852581?
8
What is the hundreds digit of 41976970?
9
What is the units digit of 101598993?
3
What is the tens digit of 230598664?
6
What is the millions digit of 305250990?
5
What is the ten thousands digit of 823097537?
9
What is the tens digit of 23192777?
7
What is the units digit of 61092216?
6
What is the millions digit of 586319766?
6
What is the hundreds digit of 204290428?
4
What is the ten millions digit of 43001499?
4
What is the millions digit of 78802874?
8
What is the ten millions digit of 2658495984?
5
What is the units digit of 392280712?
2
What is the ten millions digit of 413404782?
1
What is the hundred millions digit of 6879573817?
8
What is the hundred millions digit of 1549796194?
5
What is the millions digit of 296306284?
6
What is the thousands digit of 6529298141?
8
What is the tens digit of 7939050?
5
What is the thousands digit of 94748716?
8
What is the tens digit of 44753911?
1
What is the hundred millions digit of 392588587?
3
What is the thousands digit of 3993226164?
6
What is the millions digit of 1163173?
1
What is the hundred millions digit of 1372740978?
3
What is the ten thousands digit of 4969309210?
0
What is the ten thousands digit of 462479167?
7
What is the units digit of 73807638?
8
What is the hundred thousands digit of 37534319?
5
What is the units digit of 570242609?
9
What is the thousands digit of 217101447?
1
What is the hundreds digit of 31989658?
6
What is the hundreds digit of 105055258?
2
What is the hundred thousands digit of 693518458?
5
What is the thousands digit of 73923587?
3
What is the tens digit of 7938148590?
9
What is the ten millions digit of 83038588?
8
What is the ten thousands digit of 10833304?
3
What is the ten thousands digit of 462880782?
8
What is the ten thousands digit of 673010047?
1
What is the units digit of 26681296?
6
What is the hundreds digit of 880736575?
5
What is the hundreds digit of 18669160?
1
What is the millions digit of 185148380?
5
What is the tens digit of 228534623?
2
What is the ten millions digit of 5540164813?
4
What is the hundred thousands digit of 4119101568?
1
What is the ten millions digit of 266085415?
6
What is the thousands digit of 4297314831?
4
What is the millions digit of 1446992?
1
What is the hundreds digit of 52778324?
3
What is the hundred thousands digit of 175048760?
0
What is the ten thousands digit of 2995506136?
0
What is the ten millions digit of 44397031?
4
What is the units digit of 8428